).
4
Let b be (-2)/(-5)*20/8. Suppose p = 3 + b. Let g(d) = 0*d**2 - 3 + 2*d**2 - 2 - 3*d**2 + 7*d. What is g(p)?
7
Let f be 8/20 + (-16)/(-10). Let k(j) = -j**3 - j - 3 + 0*j + 2*j**2 + 2*j**f. Let d be -3 + 3 + -1 + 5. What is k(d)?
-7
Let c(t) = -298*t + 591*t - 5*t**2 - 293*t. Let b = -1 - -2. Give c(b).
-5
Let t(i) = -i + 2. Let a(r) = -r + 1. Let u be a(0). Suppose -l - 3*l = -5*k + 21, 0 = 5*k - 3*l - 22. Let f be (1 + u)/(-2)*k. Calculate t(f).
7
Let l be 0 + 0 - (0 + -2). Suppose -l*k + 22 = -0*k. Let o = k + -6. Let f(c) = c**2 - 5*c - 4. Calculate f(o).
-4
Suppose 0 = 3*c - m - 34, 0 = -5*c + 2*m + 14 + 42. Suppose 4*p - c = 7*p. Let j(v) = v**3 + 5*v**2 + 5*v + 5. Give j(p).
1
Let d = -18 - -12. Let s(a) = -4*a + 5. Let b(c) = 3*c - 6. Let w(i) = d*b(i) - 7*s(i). Give w(-1).
-9
Let f be (-1)/(1*1/(-8)). Suppose -3*q - 3 = 3*x, x - f = -0*x - 4*q. Let l(m) = 0*m**2 + 0*m**2 - 4*m + 2 - 4*m**2 + 3*m**2. Determine l(x).
2
Suppose -15 - 1 = 8*h. Let j(w) = w. What is j(h)?
-2
Let l be 2 + 0 + (-2)/(-1). Let x(t) = 22*t - 18. Let c(r) = 7*r - 6. Let p(w) = -16*c(w) + 5*x(w). Determine p(l).
-2
Let w(h) = h - 4. Let a be w(6). Let v(i) = i**2 + 2*i - 2. Calculate v(a).
6
Let w(p) = -5*p**3 - 3*p**2 - 2*p. Let n(t) = -t. Let u(j) = 2*n(j) - w(j). Let s(r) = -11*r**3 - 7*r**2. Let h(a) = 4*s(a) + 9*u(a). Determine h(0).
0
Let s(b) = -b**3 + 3*b - 1. Let h = -3 - -6. Let t(l) = 3*l - l**h + 5*l**2 + 2*l + 8 + 0*l. Let f be t(6). Determine s(f).
-3
Let x(f) be the third derivative of f**7/2520 - f**6/144 - f**5/60 + f**4/4 + 3*f**2. Let y(t) be the second derivative of x(t). What is y(5)?
-2
Suppose 5*s - 21 = -4*i, 0 = -3*i - 9*s + 7*s + 14. Let t(z) be the second derivative of z**4/12 - z**3/3 + z**2 + 2*z. Determine t(i).
10
Suppose -3 = -3*g + 4*v - 7, 3*v - 3 = 4*g. Let n(u) = u**2 - 3. Give n(g).
-3
Let m(x) = -2*x - 21 + 0*x + 13 + 3*x. Give m(-6).
-14
Suppose -4 - 2 = -2*k. Let q(r) = -4*r**2 + 4*r + 0 - 7 + 2*r**k - 3*r**3. Calculate q(-5).
-2
Let q(l) = l**2 + 5*l - 5. Let y be ((-12)/(-36))/(1/15). Suppose -t - 29 = 4*w, y*w + 40 = t - 3*t. Calculate q(w).
1
Let i(q) be the first derivative of 5*q + 1/2*q**2 - 3. Calculate i(-5).
0
Let a(j) = 4*j + 1. Suppose 4*h + 18 = 2*s, -44 + 14 = -4*s + 5*h. Let d(w) = w - 6. Let q be d(s). Let m = 2 + q. Give a(m).
5
Let o(d) = -9*d + 13. Let j(y) = -3*y + 4. Let h(i) = 8*j(i) - 3*o(i). What is h(5)?
8
Let f(a) be the third derivative of a**5/30 - a**4/24 + 11*a**2. Calculate f(-1).
3
Let r(v) = v**2 + 3*v + 3. Let o be -2*(-3)/(3/(-1)). Give r(o).
1
Suppose 0 = 4*f + y - 7, -2*y = 3*f - f + 4. Let a(u) = -u**3 + 2*u**2 + 3*u + 1. Let s be a(f). Let t(l) = -3*l**3 - l**2 - l + 1. Calculate t(s).
-4
Suppose 5*g + 9 = 2*m, 0 = -2*g - 3*m - 0*m + 4. Let a be g/(3 - (-11)/(-4)). Let t(l) = 2*l + 1. Give t(a).
-7
Let w = -13 - -16. Let x be 1 - (2 - (0 - w)). Let d(z) = z**3 + 3*z**2 - 4*z - 4. Determine d(x).
-4
Let d(y) = 16*y**3 + 20*y**2 - 11*y. Let g(o) = 3*o**3 + 4*o**2 - 2*o. Let q(s) = -2*d(s) + 11*g(s). Give q(-4).
0
Let z(o) = o - 11. Let q be z(9). Let b(x) = x**3 + 3*x**2 - 2*x - 1. Calculate b(q).
7
Let w(j) = 0*j**2 + 6*j - 1 + j**2 + 0*j + 0*j**2. Give w(-6).
-1
Let d(n) = -6 + 12 - 2*n + 2*n**2 - 7 + 2*n**3. Give d(-2).
-5
Let d(o) = -5*o**3 - 10*o**2 - o - 6. Let r(b) = b**3 + b**2. Let m(h) = -d(h) - 4*r(h). What is m(-6)?
0
Let p(d) = -7 + 0*d - d - 2. Let r(m) = 2*m + 5. Let c be r(-5). What is p(c)?
-4
Suppose 2*w - 8 = 0, 5*h - 3*h + 3*w = 20. Let f(v) = -3*v + 6. Determine f(h).
-6
Let m(c) be the second derivative of c**4/4 + c**3/6 - c**2/2 - 4*c. Let d be (-58)/(-4) + 1/2. Suppose -d = 5*p - 4*n, 3*n + n - 21 = -p. Calculate m(p).
3
Let r(v) be the third derivative of -v**6/360 + v**5/40 - v**4/24 + v**2. Let a(c) be the second derivative of r(c). Let u = 13 + -8. Calculate a(u).
-7
Let g(l) be the second derivative of -l**3/6 - 2*l. Calculate g(-4).
4
Let k(i) = -i. Let t be (-1)/1 - 5*-1. Let l be t - (0 - -2) - -1. Suppose l*o = 5*o + h + 1, -5 = -h. Give k(o).
3
Suppose 4*x - 3 - 1 = -p, -2*p = x + 6. Let s(n) = -5 - 6*n - 1 + n - n**3 - 5*n**2. Give s(p).
-2
Let z(q) = -q**2 + 4*q - 4. Suppose -9 = 4*f - 1. Let h = f - -6. Determine z(h).
-4
Let r(a) = a**2 - 6*a + 7. Let u be r(5). Let s(j) = u + 3*j**2 + 2*j + j**2 - 8*j**2 + 2*j**3. Let f be 2*(2 + -1 + 0). Calculate s(f).
6
Let n(w) = 2*w - 2. Let u(d) = 3*d + 7. Let j(b) = -5*b - 11. Let x(v) = -5*j(v) - 8*u(v). Let o be x(5). What is n(o)?
6
Let p = -34 + 28. Let k(y) = y**2 + 5*y. Give k(p).
6
Let f(u) = -2*u - 2. Let x be f(-2). Let i(g) = 4 - 6*g + 6*g**2 - 2 - 5*g**x. Give i(4).
-6
Let o(t) = -t + 1. Let f = -1 - -5. Suppose f = 4*p - 0. Determine o(p).
0
Suppose -4*l + 0*p = -2*p - 4, 2*l - 4*p - 2 = 0. Let j(k) = -k - 3*k + 7 - l + 2*k. Calculate j(5).
-4
Let u(f) be the first derivative of -f**6/360 - f**5/24 + f**4/4 - f**3 + 2. Let y(t) be the third derivative of u(t). Calculate y(-5).
6
Let o(l) = 8*l + 1. Let w be -2 - ((0 - -1) + -8). Suppose g - 15 = -3*t, -t + 6*t = 5*g + w. Suppose -1 = -g*q - 4. Determine o(q).
-7
Let h(b) be the first derivative of -4*b**2 + 4*b - 16. What is h(3)?
-20
Let k(n) = n**2 + 6*n + 7. Let h be -3*(1 - 20/(-15)). What is k(h)?
14
Let x(w) = w**2 + 6*w. Let d = -3 - -3. Suppose 3*l = -d*l + 81. Let t be 23/(-5) + l/45. Calculate x(t).
-8
Let w(z) = z**2 - 4*z - 2. Let h be w(5). Let p(i) = h*i**2 - i**3 - i**2 + 1 - i + 3*i**2. Determine p(4).
13
Let v(t) = t - 4*t**2 + 5 + 0 + 3*t**2. Suppose 2*b = 3 + 5. Calculate v(b).
-7
Let q(o) be the third derivative of 0*o**3 + 0 + 0*o - 1/8*o**4 - 4*o**2 - 1/15*o**5. Determine q(-2).
-10
Let a(u) = 10*u + 46. Let y(v) = -7*v - 31. Let h(s) = -5*a(s) - 7*y(s). What is h(-7)?
-6
Let d(j) = -9*j**2 + 2*j + 7. Let o(p) = 7*p**2 - 3*p - 6. Let u(h) = 3*d(h) + 4*o(h). Calculate u(6).
-3
Let q be 1*3 - 12/6. Let t = -1 + q. Let y be (1 - t)*(-2)/2. Let a(k) = 8*k**3 + k**2. Give a(y).
-7
Let y(x) be the second derivative of -x**6/36 + x**5/120 - 2*x**3/3 - 3*x. Let p(k) be the second derivative of y(k). Calculate p(1).
-9
Suppose -13*q = -14 + 79. Let d(u) = u**2 + 4*u - 6. Determine d(q).
-1
Let s(w) = -w. Let j be s(-2). Let t(d) = j*d**2 + d + d**2 + 10 - 2*d**2 + 0*d**2. Determine t(0).
10
Suppose -19*w - 5 = -20*w. Let t(j) = -j**3 + 5*j**2 - j + 1. What is t(w)?
-4
Let d(q) be the second derivative of 0 + 2/3*q**3 - 2*q**2 - 1/12*q**4 + q. Calculate d(4).
-4
Suppose -4*m - 3*u - 16 = -2*u, 5*m - 3*u = -3. Let d(z) = -z**2 - z. Let c(p) = p**3 - 3*p - 1. Let n(q) = -c(q) + 3*d(q). What is n(m)?
1
Suppose 0 = k + 2 - 0. Let g(f) = -2*f - 1. Let d(u) = 3*u + 2. Let o(z) = -3*d(z) - 4*g(z). What is o(k)?
0
Let f be 10/3*(-6)/(-5). Let u(w) be the second derivative of -w**4/12 + w**2/2 + 2*w. Let i(j) = -j**2 - 7*j + 8. Let v(m) = i(m) - 2*u(m). What is v(f)?
-6
Let b(v) = 0*v + 4*v - 3*v + 9*v. Suppose 21 = 4*a - u + 4, 0 = -5*a - 5*u - 10. Suppose 0 = 2*n + a*q + 13, 3 = -4*n - 4*q - 13. Give b(n).
10
Let j(g) = -g**2 + 4*g - 1. Let w be j(5). Let s be 1/(3/w*-1). Let k(i) = -i - 1. What is k(s)?
-3
Suppose -4*q + 12 = 2*m + m, -4*q - 20 = -5*m. Let x = -2 - -3. Let c(p) = -5 + 0*p + 2*p - x. What is c(m)?
2
Let u be (-9)/54 + 25/6. Let v(r) = u*r - 3*r + 4 + r. Calculate v(-5).
-6
Let d(q) be the first derivative of 1/3*q**3 + 4*q**2 + 7 - 4*q. Determine d(-6).
-16
Suppose 5*a + 2*f - 60 = -0*f, 4*a = -3*f + 48. Suppose -a = 2*m + m. Let h(g) = 2*g + 3. What is h(m)?
-5
Let a(f) = 2*f + 4. Suppose l - 7 = r, 3*r + 3 = -3. Suppose -3*q = -5*w + 5, -5*q = l*w + 6 + 29. Let n be w/6 - 56/12. Calculate a(n).
-6
Let h(j) = -7*j**2 + 2*j + j + 3*j**2 + 0*j**2 + j**3. Determine h(2).
-2
Suppose 4*s - 6 = 2*s. Let h(n) be the first derivative of -n**4/4 + 2*n**3/3 + n**2/2 - 3*n - 4. Determine h(s).
-9
Let s(o) be the third derivative of -o**6/120 + o**5/20 + o**4/6 - 2*o**3/3 + o**2. Suppose 61 = 27*m - 47. Determine s(m).
-4
Let a = -1 - -5. Suppose 4*m = 3*r + 6, -3*r - 2*m = -a*r - 4. Let x(i) = i**3 - 2*i**2 - i. Calculate x(r).
-2
Let s(v) = -v + 1. Let a be s(-4). Let p(o) = -a*o - 3*o**2 + 2*o**2 + 3 - 3 - 2. Give p(-3).
4
Let k(y) = -65*y + 28*y + 7 + 32*y - y**2. Calculate k(-6).
1
Let t = 145 + -143. Let c(o) = -1 + 3*o